{"id":3775,"date":"2022-12-13T17:19:28","date_gmt":"2022-12-13T17:19:28","guid":{"rendered":"https:\/\/colmenaresabogados.com\/web\/?page_id=3775"},"modified":"2022-12-28T23:01:46","modified_gmt":"2022-12-28T23:01:46","slug":"carlos-alberto-colmenares-uribe-2","status":"publish","type":"page","link":"https:\/\/colmenaresabogados.com\/web\/carlos-alberto-colmenares-uribe-2\/","title":{"rendered":"Carlos-Alberto-Colmenares-Uribe-2"},"content":{"rendered":"\t\t<div data-elementor-type=\"wp-page\" data-elementor-id=\"3775\" class=\"elementor elementor-3775\">\n\t\t\t\t\t\t<section class=\"elementor-section elementor-top-section elementor-element elementor-element-93488aa elementor-section-boxed elementor-section-height-default elementor-section-height-default elementor-invisible\" data-id=\"93488aa\" data-element_type=\"section\" data-settings=\"{&quot;background_background&quot;:&quot;classic&quot;,&quot;animation&quot;:&quot;fadeInDown&quot;}\">\n\t\t\t\t\t\t\t<div class=\"elementor-background-overlay\"><\/div>\n\t\t\t\t\t\t\t<div class=\"elementor-container elementor-column-gap-no\">\n\t\t\t\t\t<div class=\"elementor-column elementor-col-100 elementor-top-column elementor-element elementor-element-0c95332\" data-id=\"0c95332\" data-element_type=\"column\">\n\t\t\t<div class=\"elementor-widget-wrap elementor-element-populated\">\n\t\t\t\t\t\t<div class=\"elementor-element elementor-element-d82acff elementor-widget elementor-widget-heading\" data-id=\"d82acff\" data-element_type=\"widget\" data-widget_type=\"heading.default\">\n\t\t\t\t<div class=\"elementor-widget-container\">\n\t\t\t\t\t<h1 class=\"elementor-heading-title elementor-size-default\">Carlos Alberto Colmenares Uribe<\/h1>\t\t\t\t<\/div>\n\t\t\t\t<\/div>\n\t\t\t\t\t<\/div>\n\t\t<\/div>\n\t\t\t\t\t<\/div>\n\t\t<\/section>\n\t\t\t\t<section class=\"elementor-section elementor-top-section elementor-element elementor-element-8843bff elementor-section-content-middle elementor-section-boxed elementor-section-height-default elementor-section-height-default\" data-id=\"8843bff\" data-element_type=\"section\" data-settings=\"{&quot;background_background&quot;:&quot;classic&quot;}\">\n\t\t\t\t\t\t<div class=\"elementor-container elementor-column-gap-no\">\n\t\t\t\t\t<div class=\"elementor-column elementor-col-100 elementor-top-column elementor-element elementor-element-3defe21\" data-id=\"3defe21\" data-element_type=\"column\">\n\t\t\t<div class=\"elementor-widget-wrap elementor-element-populated\">\n\t\t\t\t\t\t<section class=\"elementor-section elementor-inner-section elementor-element elementor-element-41c0e36 elementor-section-content-middle elementor-section-boxed elementor-section-height-default elementor-section-height-default elementor-invisible\" data-id=\"41c0e36\" data-element_type=\"section\" data-settings=\"{&quot;animation&quot;:&quot;fadeInUp&quot;}\">\n\t\t\t\t\t\t<div class=\"elementor-container elementor-column-gap-no\">\n\t\t\t\t\t<div class=\"elementor-column elementor-col-50 elementor-inner-column elementor-element elementor-element-2e8fa69 elementor-invisible\" data-id=\"2e8fa69\" data-element_type=\"column\" data-settings=\"{&quot;animation&quot;:&quot;fadeInLeft&quot;}\">\n\t\t\t<div class=\"elementor-widget-wrap elementor-element-populated\">\n\t\t\t\t\t\t<div class=\"elementor-element elementor-element-cd99dc8 elementor-widget elementor-widget-image\" data-id=\"cd99dc8\" data-element_type=\"widget\" data-widget_type=\"image.default\">\n\t\t\t\t<div class=\"elementor-widget-container\">\n\t\t\t\t\t\t\t\t\t\t\t\t\t\t\t<img fetchpriority=\"high\" decoding=\"async\" width=\"1000\" height=\"1000\" src=\"https:\/\/colmenaresabogados.com\/web\/wp-content\/uploads\/2022\/12\/colmenaresMesa-de-trabajo-5-copia-6-100.jpg\" class=\"attachment-full size-full wp-image-4280\" alt=\"\" srcset=\"https:\/\/colmenaresabogados.com\/web\/wp-content\/uploads\/2022\/12\/colmenaresMesa-de-trabajo-5-copia-6-100.jpg 1000w, https:\/\/colmenaresabogados.com\/web\/wp-content\/uploads\/2022\/12\/colmenaresMesa-de-trabajo-5-copia-6-100-300x300.jpg 300w, https:\/\/colmenaresabogados.com\/web\/wp-content\/uploads\/2022\/12\/colmenaresMesa-de-trabajo-5-copia-6-100-150x150.jpg 150w, https:\/\/colmenaresabogados.com\/web\/wp-content\/uploads\/2022\/12\/colmenaresMesa-de-trabajo-5-copia-6-100-768x768.jpg 768w\" sizes=\"(max-width: 1000px) 100vw, 1000px\" \/>\t\t\t\t\t\t\t\t\t\t\t\t\t\t\t<\/div>\n\t\t\t\t<\/div>\n\t\t\t\t\t<\/div>\n\t\t<\/div>\n\t\t\t\t<div class=\"elementor-column elementor-col-50 elementor-inner-column elementor-element elementor-element-b2cb03b elementor-invisible\" data-id=\"b2cb03b\" data-element_type=\"column\" data-settings=\"{&quot;animation&quot;:&quot;fadeInRight&quot;}\">\n\t\t\t<div class=\"elementor-widget-wrap elementor-element-populated\">\n\t\t\t\t\t\t<div class=\"elementor-element elementor-element-a652bfc elementor-widget__width-auto elementor-widget elementor-widget-heading\" data-id=\"a652bfc\" data-element_type=\"widget\" data-widget_type=\"heading.default\">\n\t\t\t\t<div class=\"elementor-widget-container\">\n\t\t\t\t\t<h2 class=\"elementor-heading-title elementor-size-default\">Perfil<\/h2>\t\t\t\t<\/div>\n\t\t\t\t<\/div>\n\t\t\t\t<div class=\"elementor-element elementor-element-8660158 elementor-widget elementor-widget-text-editor\" data-id=\"8660158\" data-element_type=\"widget\" data-widget_type=\"text-editor.default\">\n\t\t\t\t<div class=\"elementor-widget-container\">\n\t\t\t\t\t\t\t\t\t<p>Abogado egresado de la Universidad Libre &#8211; Seccional C\u00facuta, Suman cun Laudem,\u00a0 Ex decano de la facultad de derecho de la Universidad Libre seccional C\u00facuta, Ex rector de la Universidad Libre Seccional C\u00facuta, Asesor externo de la Escuela Judicial Rodrigo Lara Bonilla, profesor Universitario de Pregrado y postgrado, conferenciante nacional e internacional de Derecho Procesal, Conjuez del Honorable Tribunal Superior de C\u00facuta- Sala Civil, Presidente del Cap\u00edtulo Norte de Santander- del Instituto Colombiano de Derecho Procesal-, Magister en Derecho Procesal, Abogado litigante. Miembro del Instituto Colombiano e Iberoamericano de Derecho Procesal, Investigador de temas de Derecho Procesal.<\/p><p>Vinculado a la Justicia Civil en la Jurisdicci\u00f3n Ordinaria durante m\u00e1s de 18 a\u00f1os y desde hace 23 a\u00f1os dedicado exclusivamente al litigio en asuntos Civiles, Comerciales y de Familia. Igualmente, dedicado a la Docencia y la Investigaci\u00f3n desde la misma fecha en que ejerce el litigio. Asesor de Grupos Econ\u00f3micos.<\/p><p>Conferencistas de APP LEGIS, en las Ciudades de Bogot\u00e1, Cali, Medell\u00edn y Bucaramanga.<\/p>\t\t\t\t\t\t\t\t<\/div>\n\t\t\t\t<\/div>\n\t\t\t\t\t<\/div>\n\t\t<\/div>\n\t\t\t\t\t<\/div>\n\t\t<\/section>\n\t\t\t\t<section class=\"elementor-section elementor-inner-section elementor-element elementor-element-9bfbbd1 elementor-section-content-middle elementor-section-boxed elementor-section-height-default elementor-section-height-default elementor-invisible\" data-id=\"9bfbbd1\" data-element_type=\"section\" data-settings=\"{&quot;animation&quot;:&quot;fadeInUp&quot;}\">\n\t\t\t\t\t\t<div class=\"elementor-container elementor-column-gap-no\">\n\t\t\t\t\t<div class=\"elementor-column elementor-col-100 elementor-inner-column elementor-element elementor-element-8f02be1\" data-id=\"8f02be1\" data-element_type=\"column\">\n\t\t\t<div class=\"elementor-widget-wrap elementor-element-populated\">\n\t\t\t\t\t\t<div class=\"elementor-element elementor-element-b217806 elementor-widget__width-auto elementor-widget elementor-widget-heading\" data-id=\"b217806\" data-element_type=\"widget\" data-widget_type=\"heading.default\">\n\t\t\t\t<div class=\"elementor-widget-container\">\n\t\t\t\t\t<h2 class=\"elementor-heading-title elementor-size-default\">Educaci\u00f3n<\/h2>\t\t\t\t<\/div>\n\t\t\t\t<\/div>\n\t\t\t\t<div class=\"elementor-element elementor-element-3954e60 elementor-widget elementor-widget-text-editor\" data-id=\"3954e60\" data-element_type=\"widget\" data-widget_type=\"text-editor.default\">\n\t\t\t\t<div class=\"elementor-widget-container\">\n\t\t\t\t\t\t\t\t\t<ul >\n \t<li>Doctor en Administraci\u00f3n, Hacienda y Justicia en el Estado Social, Universidad de Salamanca, 2017<\/li>\n \t<li>Magister en Derecho Procesal Contempor\u00e1neo, Universidad de Medell\u00edn 2016<\/li>\n \t<li>Especializaci\u00f3n Derecho Constitucional, Universidad Libre &#8211; Seccional C\u00facuta 2003<\/li>\n \t<li>Conciliador en Derecho, Universidad Libre &#8211; Seccional C\u00facuta 2002<\/li>\n \t<li>Especializaci\u00f3n Docencia Universitaria, Universidad Libre &#8211; Seccional C\u00facuta 1997<\/li>\n \t<li>Especializaci\u00f3n en Derecho de Familia, Universidad Libre &#8211; Seccional C\u00facuta 1997<\/li>\n \t<li>Abogado, Universidad Libre &#8211; Seccional C\u00facuta 1993<\/li>\n<\/ul>\t\t\t\t\t\t\t\t<\/div>\n\t\t\t\t<\/div>\n\t\t\t\t\t<\/div>\n\t\t<\/div>\n\t\t\t\t\t<\/div>\n\t\t<\/section>\n\t\t\t\t<section class=\"elementor-section elementor-inner-section elementor-element elementor-element-c0000c1 elementor-section-content-middle elementor-section-boxed elementor-section-height-default elementor-section-height-default elementor-invisible\" data-id=\"c0000c1\" data-element_type=\"section\" data-settings=\"{&quot;animation&quot;:&quot;fadeInUp&quot;}\">\n\t\t\t\t\t\t<div class=\"elementor-container elementor-column-gap-no\">\n\t\t\t\t\t<div class=\"elementor-column elementor-col-100 elementor-inner-column elementor-element elementor-element-5b1d9e0\" data-id=\"5b1d9e0\" data-element_type=\"column\">\n\t\t\t<div class=\"elementor-widget-wrap elementor-element-populated\">\n\t\t\t\t\t\t<div class=\"elementor-element elementor-element-5b70c18 elementor-widget__width-auto elementor-widget elementor-widget-heading\" data-id=\"5b70c18\" data-element_type=\"widget\" data-widget_type=\"heading.default\">\n\t\t\t\t<div class=\"elementor-widget-container\">\n\t\t\t\t\t<h2 class=\"elementor-heading-title elementor-size-default\">Publicaciones<\/h2>\t\t\t\t<\/div>\n\t\t\t\t<\/div>\n\t\t\t\t<div class=\"elementor-element elementor-element-4757988 elementor-widget elementor-widget-text-editor\" data-id=\"4757988\" data-element_type=\"widget\" data-widget_type=\"text-editor.default\">\n\t\t\t\t<div class=\"elementor-widget-container\">\n\t\t\t\t\t\t\t\t\t<ul><li>\u201cLAS REGLAS DE TRES POR TRES. UN ABORDAJE PRACTICO DEL CODIGO GENERAL DEL PROCESO\u201d<br \/>ISBN: 978-958-676-706-4, Editorial Doctrina y Ley, 2018<\/li><li>\u201cORALIDAD Y ESCRITURA EL PROCESO POR AUDIENCIAS EN COLOMBIA\u201d<br \/>ISBN: 978-958-749-600-0, Editorial Ediciones Juridicas Gustavo Iba\u00f1ez, 2016<\/li><li>\u201cCODIGO GENERAL DEL PROCESO Y REFORMAS PROCESALES EN IBEROAMERICA\u201d<br \/>ISBN:978-958-749-632-1, Editorial Ediciones Juridicas Gustavo Iba\u00f1ez, 2016<\/li><li>\u00abEL PROCESO MONITORIO EN EL C\u00d3DIGO GENERAL DEL PROCESO\u00bb<br \/>ISBN: 978-958-35-1076-2, Editorial Temis S.A. (Bogot\u00e1), 2015<\/li><li>\u00abEL PROCEDIMIENTO MONITORIO EN AMERICA LATINA\u201d<br \/>ISBN: 978-958-35-0953-7, Editorial Temis S.A. (Bogot\u00e1), 2013<\/li><li>\u00abEL PROCESO DE ESTRUCTURA MONITORA\u00bb<br \/>ISBN: 978-958-99909-0-2, Editorial Universidad Libre \u2013 Seccional C\u00facuta, 2011<\/li><li>\u201cEL PROCESO POR AUDIENCIA Y ORALIDAD\u201d<br \/>2009 <a href=\"http:\/\/revistas.pucp.edu.pe\/index.php\/derechoprocesal\/article\/view\/2126\">http:\/\/revistas.pucp.edu.pe\/index.php\/derechoprocesal\/article\/view\/2126<\/a><\/li><\/ul>\t\t\t\t\t\t\t\t<\/div>\n\t\t\t\t<\/div>\n\t\t\t\t\t<\/div>\n\t\t<\/div>\n\t\t\t\t\t<\/div>\n\t\t<\/section>\n\t\t\t\t\t<\/div>\n\t\t<\/div>\n\t\t\t\t\t<\/div>\n\t\t<\/section>\n\t\t\t\t<\/div>\n\t\t","protected":false},"excerpt":{"rendered":"<p>Carlos Alberto Colmenares Uribe Perfil Abogado egresado de la Universidad Libre &#8211; Seccional C\u00facuta, Suman cun Laudem,\u00a0 Ex decano de la facultad de derecho de la Universidad Libre seccional C\u00facuta, Ex rector de la Universidad Libre Seccional C\u00facuta, Asesor externo de la Escuela Judicial Rodrigo Lara Bonilla, profesor Universitario de Pregrado y postgrado, conferenciante nacional &hellip;<\/p>\n<p class=\"read-more\"> <a class=\"\" href=\"https:\/\/colmenaresabogados.com\/web\/carlos-alberto-colmenares-uribe-2\/\"> <span class=\"screen-reader-text\">Carlos-Alberto-Colmenares-Uribe-2<\/span> Leer m\u00e1s &raquo;<\/a><\/p>\n","protected":false},"author":1,"featured_media":0,"parent":0,"menu_order":0,"comment_status":"closed","ping_status":"closed","template":"","meta":{"_acf_changed":false,"site-sidebar-layout":"no-sidebar","site-content-layout":"page-builder","ast-global-header-display":"","ast-main-header-display":"","ast-hfb-above-header-display":"","ast-hfb-below-header-display":"","ast-hfb-mobile-header-display":"","site-post-title":"disabled","ast-breadcrumbs-content":"disabled","ast-featured-img":"disabled","footer-sml-layout":"","theme-transparent-header-meta":"enabled","adv-header-id-meta":"","stick-header-meta":"","header-above-stick-meta":"","header-main-stick-meta":"","header-below-stick-meta":"","footnotes":""},"class_list":["post-3775","page","type-page","status-publish","hentry"],"acf":[],"_links":{"self":[{"href":"https:\/\/colmenaresabogados.com\/web\/wp-json\/wp\/v2\/pages\/3775","targetHints":{"allow":["GET"]}}],"collection":[{"href":"https:\/\/colmenaresabogados.com\/web\/wp-json\/wp\/v2\/pages"}],"about":[{"href":"https:\/\/colmenaresabogados.com\/web\/wp-json\/wp\/v2\/types\/page"}],"author":[{"embeddable":true,"href":"https:\/\/colmenaresabogados.com\/web\/wp-json\/wp\/v2\/users\/1"}],"replies":[{"embeddable":true,"href":"https:\/\/colmenaresabogados.com\/web\/wp-json\/wp\/v2\/comments?post=3775"}],"version-history":[{"count":51,"href":"https:\/\/colmenaresabogados.com\/web\/wp-json\/wp\/v2\/pages\/3775\/revisions"}],"predecessor-version":[{"id":4630,"href":"https:\/\/colmenaresabogados.com\/web\/wp-json\/wp\/v2\/pages\/3775\/revisions\/4630"}],"wp:attachment":[{"href":"https:\/\/colmenaresabogados.com\/web\/wp-json\/wp\/v2\/media?parent=3775"}],"curies":[{"name":"wp","href":"https:\/\/api.w.org\/{rel}","templated":true}]}}