{"id":3846,"date":"2022-12-13T18:16:58","date_gmt":"2022-12-13T18:16:58","guid":{"rendered":"https:\/\/colmenaresabogados.com\/web\/?page_id=3846"},"modified":"2023-01-18T04:25:53","modified_gmt":"2023-01-18T04:25:53","slug":"enlaces","status":"publish","type":"page","link":"https:\/\/colmenaresabogados.com\/web\/enlaces\/","title":{"rendered":"enlaces"},"content":{"rendered":"<p><a href=\"http:\/\/www.secretariasenado.gov.co\/senado\/basedoc\/ley_1564_2012.html\">C\u00d3DIGO GENERAL DEL PROCESO DE COLOMBIA<\/a><br \/>\n<a href=\"https:\/\/www.impo.com.uy\/bases\/codigo-general-proceso\/15982-1988\">C\u00d3DIGO GENERAL DEL PROCESO DE URUGUAY<\/a><br \/>\n<a href=\"https:\/\/www.epn.edu.ec\/wp-content\/uploads\/2018\/08\/COGEP.pdf\">C\u00d3DIGO GENERAL DEL PROCESO DE ECUADOR<\/a><br \/>\n<a href=\"https:\/\/www.wipo.int\/edocs\/lexdocs\/laws\/es\/bo\/bo045es.pdf\">C\u00d3DIGO GENERAL DEL PROCESO DE BOLIVIA.<\/a><br \/>\n<a href=\"http:\/\/www.secretariasenado.gov.co\/senado\/basedoc\/arbol\/1000.html\">SISTEMA NORMATIVO COLOMBIANO. CONSTITUCI\u00d3N Y DEM\u00c1S NORMAS JUR\u00cdDICAS<\/a><br \/>\n<a href=\"https:\/\/www.boe.es\/buscar\/act.php?id=BOE-A-2000-323\">LEY DE ENJUICIAMIENTO CIVIL ESPA\u00d1OL.<\/a><br \/>\n<a href=\"https:\/\/consultaprocesos.ramajudicial.gov.co\/procesos\/bienvenida\">B\u00daSQUEDA DE PROCESOS JUDICIALES COLOMBIA<\/a><br \/>\n<a href=\"https:\/\/procesos.ramajudicial.gov.co\/procesoscs\/ConsultaJusticias21.aspx?EntryId=b8ZHSCF24VV%2b5yIqB6D3wFgITu4%3d\">PROCESOS POR CIUDAD EN COLOMBIA.<\/a><br \/>\n<a href=\"https:\/\/procesos.controlatuproceso.com\/login\/\">LITIGIO EN LINEA<\/a><br \/>\n<a href=\"https:\/\/dapre.presidencia.gov.co\/normativa\">NORMATIVIDAD PRESIDENCIA DE LA REP\u00daBLICA.<\/a><br \/>\n<a href=\"https:\/\/www.corteconstitucional.gov.co\/relatoria\/\">JURISPRUDENCIA CORTE CONSTITUCIONAL COLOMBIANA.<\/a><br \/>\n<a href=\"http:\/\/www.cortesuprema.gov.co\/corte\/index.php\/jurisprudencia\/\">JURISPRUDENCIA CORTE SUPREMA DE JUSTICIA DE COLOMBIA<\/a><br \/>\n<a href=\"https:\/\/www.supersociedades.gov.co\/inicio\">SUPERINTENDENCIA DE SOCIEDADES<\/a><br \/>\n<a href=\"https:\/\/www.supernotariado.gov.co\/\">SUPERINTENDENCIA DE NOTARIADO COLOMBIANO.<\/a><br \/>\n<a href=\"https:\/\/razonpublica.com\/iquignifica-la-virtualidad-de-internet\/\">QUE SIGNIFICA LA VIRTUALIDAD PARA APLICAR AL DECRETO 806 DE 2020.<\/a><br \/>\n<a href=\"https:\/\/www.ramajudicial.gov.co\/documents\/7137091\/7146431\/Formato3.pdf\/c69d7602-4575-4866-ac73-453e85a5bedb\">DEMANDA DIGITAL MONITORIO CONSEJO SUPERIOR DE LA JUDICATURA<\/a><br \/>\n<a href=\"http:\/\/www.secretariasenado.gov.co\/senado\/basedoc\/ley_1437_2011.html\">C\u00d3DIGO DE PROCEDIMIENTO ADMINISTRATIVO Y DE LO CONTENCIOSO ADMINISTRATIVO. ( LEY 1437 DE 2011)<\/a><br \/>\n<a href=\"http:\/\/www.secretariasenado.gov.co\/senado\/basedoc\/ley_1801_2016.html\">C\u00d3DIGO NACIONAL DE SEGURIDAD Y CONVIVENCIA CIUDADANA. ( LEY 1801 DE 2016)<\/a><br \/>\n<a href=\"http:\/\/www.secretariasenado.gov.co\/senado\/basedoc\/codigo_procedimiento_civil.html\">C\u00d3DIGO DE PROCEDIMIENTO CIVIL COLOMBIANO DE 1970.<\/a><br \/>\n<a href=\"http:\/\/www.secretariasenado.gov.co\/senado\/basedoc\/codigo_civil.html\">C\u00d3DIGO CIVIL COLOMBIANO.<\/a><br \/>\n<a href=\"http:\/\/www.secretariasenado.gov.co\/senado\/basedoc\/ley_1563_2012.html\">ESTATUTO DE ARBITRAJE NACIONAL E INTERNACIONAL Y SE DICTAN OTRAS DISPOSICIONES. ( LEY 1563 DE 2012)<\/a><br \/>\n<a href=\"http:\/\/www.secretariasenado.gov.co\/senado\/basedoc\/ley_2220_2022.html\">ESTATUTO DE CONCILIACI\u00d3N: ( LEY 2220 DE 2022)<\/a><br \/>\n<a href=\"http:\/\/www.secretariasenado.gov.co\/senado\/basedoc\/ley_1579_2012.html\">ESTATUTO DE REGISTRO DE INSTRUMENTOS P\u00daBLICOS Y SE DICTAN OTRAS DISPOSICIONES. ( LEY 1579 DE 2012)<\/a><br \/>\n<a href=\"http:\/\/www.secretariasenado.gov.co\/senado\/basedoc\/estatuto_tributario.html\">ESTATUTO TRIBUTARIO<\/a><\/p>\n","protected":false},"excerpt":{"rendered":"<p>C\u00d3DIGO GENERAL DEL PROCESO DE COLOMBIA C\u00d3DIGO GENERAL DEL PROCESO DE URUGUAY C\u00d3DIGO GENERAL DEL PROCESO DE ECUADOR C\u00d3DIGO GENERAL DEL PROCESO DE BOLIVIA. SISTEMA NORMATIVO COLOMBIANO. CONSTITUCI\u00d3N Y DEM\u00c1S NORMAS JUR\u00cdDICAS LEY DE ENJUICIAMIENTO CIVIL ESPA\u00d1OL. B\u00daSQUEDA DE PROCESOS JUDICIALES COLOMBIA PROCESOS POR CIUDAD EN COLOMBIA. LITIGIO EN LINEA NORMATIVIDAD PRESIDENCIA DE LA REP\u00daBLICA. &hellip;<\/p>\n<p class=\"read-more\"> <a class=\"\" href=\"https:\/\/colmenaresabogados.com\/web\/enlaces\/\"> <span class=\"screen-reader-text\">enlaces<\/span> Leer m\u00e1s &raquo;<\/a><\/p>\n","protected":false},"author":1,"featured_media":0,"parent":0,"menu_order":0,"comment_status":"closed","ping_status":"closed","template":"","meta":{"_acf_changed":false,"site-sidebar-layout":"default","site-content-layout":"default","ast-global-header-display":"","ast-main-header-display":"","ast-hfb-above-header-display":"","ast-hfb-below-header-display":"","ast-hfb-mobile-header-display":"","site-post-title":"","ast-breadcrumbs-content":"","ast-featured-img":"","footer-sml-layout":"","theme-transparent-header-meta":"default","adv-header-id-meta":"","stick-header-meta":"","header-above-stick-meta":"","header-main-stick-meta":"","header-below-stick-meta":"","footnotes":""},"class_list":["post-3846","page","type-page","status-publish","hentry"],"acf":[],"_links":{"self":[{"href":"https:\/\/colmenaresabogados.com\/web\/wp-json\/wp\/v2\/pages\/3846","targetHints":{"allow":["GET"]}}],"collection":[{"href":"https:\/\/colmenaresabogados.com\/web\/wp-json\/wp\/v2\/pages"}],"about":[{"href":"https:\/\/colmenaresabogados.com\/web\/wp-json\/wp\/v2\/types\/page"}],"author":[{"embeddable":true,"href":"https:\/\/colmenaresabogados.com\/web\/wp-json\/wp\/v2\/users\/1"}],"replies":[{"embeddable":true,"href":"https:\/\/colmenaresabogados.com\/web\/wp-json\/wp\/v2\/comments?post=3846"}],"version-history":[{"count":14,"href":"https:\/\/colmenaresabogados.com\/web\/wp-json\/wp\/v2\/pages\/3846\/revisions"}],"predecessor-version":[{"id":4818,"href":"https:\/\/colmenaresabogados.com\/web\/wp-json\/wp\/v2\/pages\/3846\/revisions\/4818"}],"wp:attachment":[{"href":"https:\/\/colmenaresabogados.com\/web\/wp-json\/wp\/v2\/media?parent=3846"}],"curies":[{"name":"wp","href":"https:\/\/api.w.org\/{rel}","templated":true}]}}