{"id":4073,"date":"2022-12-14T17:00:15","date_gmt":"2022-12-14T17:00:15","guid":{"rendered":"https:\/\/colmenaresabogados.com\/web\/?page_id=4073"},"modified":"2022-12-14T17:40:45","modified_gmt":"2022-12-14T17:40:45","slug":"conciliacion-y-mediacion","status":"publish","type":"page","link":"https:\/\/colmenaresabogados.com\/web\/conciliacion-y-mediacion\/","title":{"rendered":"Conciliaci\u00f3n y mediacion"},"content":{"rendered":"\t\t<div data-elementor-type=\"wp-page\" data-elementor-id=\"4073\" class=\"elementor elementor-4073\">\n\t\t\t\t\t\t<section class=\"elementor-section elementor-top-section elementor-element elementor-element-93488aa elementor-section-boxed elementor-section-height-default elementor-section-height-default\" data-id=\"93488aa\" data-element_type=\"section\" data-settings=\"{&quot;background_background&quot;:&quot;classic&quot;}\">\n\t\t\t\t\t\t\t<div class=\"elementor-background-overlay\"><\/div>\n\t\t\t\t\t\t\t<div class=\"elementor-container elementor-column-gap-no\">\n\t\t\t\t\t<div class=\"elementor-column elementor-col-100 elementor-top-column elementor-element elementor-element-0c95332\" data-id=\"0c95332\" data-element_type=\"column\">\n\t\t\t<div class=\"elementor-widget-wrap elementor-element-populated\">\n\t\t\t\t\t\t<div class=\"elementor-element elementor-element-d82acff elementor-widget elementor-widget-heading\" data-id=\"d82acff\" data-element_type=\"widget\" data-widget_type=\"heading.default\">\n\t\t\t\t<div class=\"elementor-widget-container\">\n\t\t\t\t\t<h1 class=\"elementor-heading-title elementor-size-default\">Conciliaci\u00f3n y Mediaci\u00f3n.<\/h1>\t\t\t\t<\/div>\n\t\t\t\t<\/div>\n\t\t\t\t\t<\/div>\n\t\t<\/div>\n\t\t\t\t\t<\/div>\n\t\t<\/section>\n\t\t\t\t<section class=\"elementor-section elementor-top-section elementor-element elementor-element-9d3a3e5 elementor-section-boxed elementor-section-height-default elementor-section-height-default\" data-id=\"9d3a3e5\" data-element_type=\"section\">\n\t\t\t\t\t\t<div class=\"elementor-container elementor-column-gap-default\">\n\t\t\t\t\t<div class=\"elementor-column elementor-col-100 elementor-top-column elementor-element elementor-element-436d0fb\" data-id=\"436d0fb\" data-element_type=\"column\">\n\t\t\t<div class=\"elementor-widget-wrap elementor-element-populated\">\n\t\t\t\t\t\t<div class=\"elementor-element elementor-element-a7b1d12 elementor-widget elementor-widget-heading\" data-id=\"a7b1d12\" data-element_type=\"widget\" data-widget_type=\"heading.default\">\n\t\t\t\t<div class=\"elementor-widget-container\">\n\t\t\t\t\t<h2 class=\"elementor-heading-title elementor-size-default\">Donde hay hombres hay conflictos<\/h2>\t\t\t\t<\/div>\n\t\t\t\t<\/div>\n\t\t\t\t\t<\/div>\n\t\t<\/div>\n\t\t\t\t\t<\/div>\n\t\t<\/section>\n\t\t\t\t<section class=\"elementor-section elementor-top-section elementor-element elementor-element-67e29e2 elementor-section-boxed elementor-section-height-default elementor-section-height-default\" data-id=\"67e29e2\" data-element_type=\"section\">\n\t\t\t\t\t\t<div class=\"elementor-container elementor-column-gap-default\">\n\t\t\t\t\t<div class=\"elementor-column elementor-col-100 elementor-top-column elementor-element elementor-element-80537e8\" data-id=\"80537e8\" data-element_type=\"column\">\n\t\t\t<div class=\"elementor-widget-wrap elementor-element-populated\">\n\t\t\t\t\t\t<div class=\"elementor-element elementor-element-03ec940 elementor-widget elementor-widget-text-editor\" data-id=\"03ec940\" data-element_type=\"widget\" data-widget_type=\"text-editor.default\">\n\t\t\t\t<div class=\"elementor-widget-container\">\n\t\t\t\t\t\t\t\t\t<p>Es por ello que se afirma inequ\u00edvocamente que el conflicto es connatural al ser humano, toda vez que la vida en sociedad trae consigo tanto la convergencia como la divergencia de necesidades, puntos de vista, expectativas, y comportamientos.<br \/>Nuestra firma cuenta con profesionales que tienen la responsabilidad de asistir a cada parte involucrada en el conflicto guiados por los valores de justicia, paz, verdad, con imparcialidad, neutralidad y trasparencia con una excelente experiencia y conocimiento en el litigio y tr\u00e1mite en los procesos judiciales, permitiendo generar la confianza necesaria para lograr que las partes lleguen a un acuerdo conveniente y eficaz que evite un proceso judicial.<br \/>Es por esto, que pregonamos que \u201clos conflictos son falta de comunicaci\u00f3n\u201d, comunic\u00e1ndose con nuestro equipo de profesionales, estamos seguros de que, por el conocimiento y la experiencia, lograremos una soluci\u00f2n justa en pro de sus intereses.<\/p>\t\t\t\t\t\t\t\t<\/div>\n\t\t\t\t<\/div>\n\t\t\t\t<div class=\"elementor-element elementor-element-c24daee elementor-align-left elementor-widget elementor-widget-button\" data-id=\"c24daee\" data-element_type=\"widget\" data-widget_type=\"button.default\">\n\t\t\t\t<div class=\"elementor-widget-container\">\n\t\t\t\t\t\t\t\t\t<div class=\"elementor-button-wrapper\">\n\t\t\t\t\t<a class=\"elementor-button elementor-button-link elementor-size-sm\" href=\"https:\/\/api.whatsapp.com\/send?phone=+573177009605&#038;text=Hola,%20quisiera%20obtener%20informaci%C3%B3n%20sobre%20su%20servicio%20de%20conciliaci%C3%B3n%20y%20mediaci%C3%B3n\">\n\t\t\t\t\t\t<span class=\"elementor-button-content-wrapper\">\n\t\t\t\t\t\t\t\t\t<span class=\"elementor-button-text\">Cont\u00e1ctanos Ahora<\/span>\n\t\t\t\t\t<\/span>\n\t\t\t\t\t<\/a>\n\t\t\t\t<\/div>\n\t\t\t\t\t\t\t\t<\/div>\n\t\t\t\t<\/div>\n\t\t\t\t\t<\/div>\n\t\t<\/div>\n\t\t\t\t\t<\/div>\n\t\t<\/section>\n\t\t\t\t<\/div>\n\t\t","protected":false},"excerpt":{"rendered":"<p>Conciliaci\u00f3n y Mediaci\u00f3n. Donde hay hombres hay conflictos Es por ello que se afirma inequ\u00edvocamente que el conflicto es connatural al ser humano, toda vez que la vida en sociedad trae consigo tanto la convergencia como la divergencia de necesidades, puntos de vista, expectativas, y comportamientos.Nuestra firma cuenta con profesionales que tienen la responsabilidad de &hellip;<\/p>\n<p class=\"read-more\"> <a class=\"\" href=\"https:\/\/colmenaresabogados.com\/web\/conciliacion-y-mediacion\/\"> <span class=\"screen-reader-text\">Conciliaci\u00f3n y mediacion<\/span> Leer m\u00e1s &raquo;<\/a><\/p>\n","protected":false},"author":1,"featured_media":0,"parent":0,"menu_order":0,"comment_status":"closed","ping_status":"closed","template":"","meta":{"_acf_changed":false,"site-sidebar-layout":"no-sidebar","site-content-layout":"page-builder","ast-global-header-display":"","ast-main-header-display":"","ast-hfb-above-header-display":"","ast-hfb-below-header-display":"","ast-hfb-mobile-header-display":"","site-post-title":"disabled","ast-breadcrumbs-content":"disabled","ast-featured-img":"disabled","footer-sml-layout":"","theme-transparent-header-meta":"enabled","adv-header-id-meta":"","stick-header-meta":"","header-above-stick-meta":"","header-main-stick-meta":"","header-below-stick-meta":"","footnotes":""},"class_list":["post-4073","page","type-page","status-publish","hentry"],"acf":[],"_links":{"self":[{"href":"https:\/\/colmenaresabogados.com\/web\/wp-json\/wp\/v2\/pages\/4073","targetHints":{"allow":["GET"]}}],"collection":[{"href":"https:\/\/colmenaresabogados.com\/web\/wp-json\/wp\/v2\/pages"}],"about":[{"href":"https:\/\/colmenaresabogados.com\/web\/wp-json\/wp\/v2\/types\/page"}],"author":[{"embeddable":true,"href":"https:\/\/colmenaresabogados.com\/web\/wp-json\/wp\/v2\/users\/1"}],"replies":[{"embeddable":true,"href":"https:\/\/colmenaresabogados.com\/web\/wp-json\/wp\/v2\/comments?post=4073"}],"version-history":[{"count":25,"href":"https:\/\/colmenaresabogados.com\/web\/wp-json\/wp\/v2\/pages\/4073\/revisions"}],"predecessor-version":[{"id":4112,"href":"https:\/\/colmenaresabogados.com\/web\/wp-json\/wp\/v2\/pages\/4073\/revisions\/4112"}],"wp:attachment":[{"href":"https:\/\/colmenaresabogados.com\/web\/wp-json\/wp\/v2\/media?parent=4073"}],"curies":[{"name":"wp","href":"https:\/\/api.w.org\/{rel}","templated":true}]}}