{"id":517,"date":"2021-03-08T10:07:17","date_gmt":"2021-03-08T10:07:17","guid":{"rendered":"https:\/\/colmenaresabogados.com\/web\/attorneys-3\/"},"modified":"2022-12-28T23:04:03","modified_gmt":"2022-12-28T23:04:03","slug":"nuestros-socios","status":"publish","type":"page","link":"https:\/\/colmenaresabogados.com\/web\/nuestros-socios\/","title":{"rendered":"socios-2"},"content":{"rendered":"\t\t<div data-elementor-type=\"wp-page\" data-elementor-id=\"517\" class=\"elementor elementor-517\">\n\t\t\t\t\t\t<section class=\"elementor-section elementor-top-section elementor-element elementor-element-63b1b8f elementor-section-boxed elementor-section-height-default elementor-section-height-default elementor-invisible\" data-id=\"63b1b8f\" data-element_type=\"section\" data-settings=\"{&quot;background_background&quot;:&quot;classic&quot;,&quot;animation&quot;:&quot;fadeInUp&quot;}\">\n\t\t\t\t\t\t\t<div class=\"elementor-background-overlay\"><\/div>\n\t\t\t\t\t\t\t<div class=\"elementor-container elementor-column-gap-no\">\n\t\t\t\t\t<div class=\"elementor-column elementor-col-100 elementor-top-column elementor-element elementor-element-153575a\" data-id=\"153575a\" data-element_type=\"column\">\n\t\t\t<div class=\"elementor-widget-wrap elementor-element-populated\">\n\t\t\t\t\t\t<div class=\"elementor-element elementor-element-244db0a elementor-widget elementor-widget-heading\" data-id=\"244db0a\" data-element_type=\"widget\" data-widget_type=\"heading.default\">\n\t\t\t\t<div class=\"elementor-widget-container\">\n\t\t\t\t\t<h1 class=\"elementor-heading-title elementor-size-default\">Socios<\/h1>\t\t\t\t<\/div>\n\t\t\t\t<\/div>\n\t\t\t\t\t<\/div>\n\t\t<\/div>\n\t\t\t\t\t<\/div>\n\t\t<\/section>\n\t\t\t\t<section class=\"elementor-section elementor-top-section elementor-element elementor-element-a972dc4 elementor-section-boxed elementor-section-height-default elementor-section-height-default\" data-id=\"a972dc4\" data-element_type=\"section\" data-settings=\"{&quot;background_background&quot;:&quot;classic&quot;}\">\n\t\t\t\t\t\t<div class=\"elementor-container elementor-column-gap-no\">\n\t\t\t\t\t<div class=\"elementor-column elementor-col-100 elementor-top-column elementor-element elementor-element-33fa2ee\" data-id=\"33fa2ee\" data-element_type=\"column\">\n\t\t\t<div class=\"elementor-widget-wrap elementor-element-populated\">\n\t\t\t\t\t\t<section class=\"elementor-section elementor-inner-section elementor-element elementor-element-4f28213 elementor-section-boxed elementor-section-height-default elementor-section-height-default elementor-invisible\" data-id=\"4f28213\" data-element_type=\"section\" data-settings=\"{&quot;animation&quot;:&quot;fadeInUp&quot;}\">\n\t\t\t\t\t\t<div class=\"elementor-container elementor-column-gap-no\">\n\t\t\t\t\t<div class=\"elementor-column elementor-col-100 elementor-inner-column elementor-element elementor-element-c10bdd3\" data-id=\"c10bdd3\" data-element_type=\"column\">\n\t\t\t<div class=\"elementor-widget-wrap elementor-element-populated\">\n\t\t\t\t\t\t<div class=\"elementor-element elementor-element-bad9710 elementor-widget elementor-widget-heading\" data-id=\"bad9710\" data-element_type=\"widget\" data-widget_type=\"heading.default\">\n\t\t\t\t<div class=\"elementor-widget-container\">\n\t\t\t\t\t<h2 class=\"elementor-heading-title elementor-size-default\">Cada uno de nuestros socios es un experto en su campo laboral.<\/h2>\t\t\t\t<\/div>\n\t\t\t\t<\/div>\n\t\t\t\t\t<\/div>\n\t\t<\/div>\n\t\t\t\t\t<\/div>\n\t\t<\/section>\n\t\t\t\t<section class=\"elementor-section elementor-inner-section elementor-element elementor-element-13e5290 elementor-section-boxed elementor-section-height-default elementor-section-height-default elementor-invisible\" data-id=\"13e5290\" data-element_type=\"section\" data-settings=\"{&quot;animation&quot;:&quot;fadeInUp&quot;}\">\n\t\t\t\t\t\t<div class=\"elementor-container elementor-column-gap-no\">\n\t\t\t\t\t<div class=\"elementor-column elementor-col-50 elementor-inner-column elementor-element elementor-element-66428c6 animated-fast elementor-invisible\" data-id=\"66428c6\" data-element_type=\"column\" data-settings=\"{&quot;animation&quot;:&quot;fadeInUp&quot;}\">\n\t\t\t<div class=\"elementor-widget-wrap elementor-element-populated\">\n\t\t\t\t\t\t<div class=\"elementor-element elementor-element-ba0d903 elementor-position-top elementor-widget elementor-widget-image-box\" data-id=\"ba0d903\" data-element_type=\"widget\" data-widget_type=\"image-box.default\">\n\t\t\t\t<div class=\"elementor-widget-container\">\n\t\t\t\t\t<div class=\"elementor-image-box-wrapper\"><figure class=\"elementor-image-box-img\"><a href=\"https:\/\/colmenaresabogados.com\/web\/carlos-alberto-colmenares-uribe-2\/\" tabindex=\"-1\"><img fetchpriority=\"high\" decoding=\"async\" width=\"1000\" height=\"1000\" src=\"https:\/\/colmenaresabogados.com\/web\/wp-content\/uploads\/2022\/12\/colmenaresMesa-de-trabajo-5-copia-6-100.jpg\" class=\"attachment-full size-full wp-image-4280\" alt=\"\" srcset=\"https:\/\/colmenaresabogados.com\/web\/wp-content\/uploads\/2022\/12\/colmenaresMesa-de-trabajo-5-copia-6-100.jpg 1000w, https:\/\/colmenaresabogados.com\/web\/wp-content\/uploads\/2022\/12\/colmenaresMesa-de-trabajo-5-copia-6-100-300x300.jpg 300w, https:\/\/colmenaresabogados.com\/web\/wp-content\/uploads\/2022\/12\/colmenaresMesa-de-trabajo-5-copia-6-100-150x150.jpg 150w, https:\/\/colmenaresabogados.com\/web\/wp-content\/uploads\/2022\/12\/colmenaresMesa-de-trabajo-5-copia-6-100-768x768.jpg 768w\" sizes=\"(max-width: 1000px) 100vw, 1000px\" \/><\/a><\/figure><div class=\"elementor-image-box-content\"><h3 class=\"elementor-image-box-title\"><a href=\"https:\/\/colmenaresabogados.com\/web\/carlos-alberto-colmenares-uribe-2\/\">Carlos Colmenares Uribe<\/a><\/h3><\/div><\/div>\t\t\t\t<\/div>\n\t\t\t\t<\/div>\n\t\t\t\t\t<\/div>\n\t\t<\/div>\n\t\t\t\t<div class=\"elementor-column elementor-col-50 elementor-inner-column elementor-element elementor-element-d8c7ae4 animated-slow elementor-invisible\" data-id=\"d8c7ae4\" data-element_type=\"column\" data-settings=\"{&quot;animation&quot;:&quot;fadeInUp&quot;}\">\n\t\t\t<div class=\"elementor-widget-wrap elementor-element-populated\">\n\t\t\t\t\t\t<div class=\"elementor-element elementor-element-f0e9b07 elementor-position-top elementor-widget elementor-widget-image-box\" data-id=\"f0e9b07\" data-element_type=\"widget\" data-widget_type=\"image-box.default\">\n\t\t\t\t<div class=\"elementor-widget-container\">\n\t\t\t\t\t<div class=\"elementor-image-box-wrapper\"><figure class=\"elementor-image-box-img\"><a href=\"https:\/\/colmenaresabogados.com\/web\/carlos-alberto-colmenares-ortiz-2\/\" tabindex=\"-1\"><img decoding=\"async\" width=\"1000\" height=\"1000\" src=\"https:\/\/colmenaresabogados.com\/web\/wp-content\/uploads\/2022\/12\/colmenaresMesa-de-trabajo-5-copia-5-100-1.jpg\" class=\"attachment-full size-full wp-image-4495\" alt=\"\" srcset=\"https:\/\/colmenaresabogados.com\/web\/wp-content\/uploads\/2022\/12\/colmenaresMesa-de-trabajo-5-copia-5-100-1.jpg 1000w, https:\/\/colmenaresabogados.com\/web\/wp-content\/uploads\/2022\/12\/colmenaresMesa-de-trabajo-5-copia-5-100-1-300x300.jpg 300w, https:\/\/colmenaresabogados.com\/web\/wp-content\/uploads\/2022\/12\/colmenaresMesa-de-trabajo-5-copia-5-100-1-150x150.jpg 150w, https:\/\/colmenaresabogados.com\/web\/wp-content\/uploads\/2022\/12\/colmenaresMesa-de-trabajo-5-copia-5-100-1-768x768.jpg 768w\" sizes=\"(max-width: 1000px) 100vw, 1000px\" \/><\/a><\/figure><div class=\"elementor-image-box-content\"><h3 class=\"elementor-image-box-title\"><a href=\"https:\/\/colmenaresabogados.com\/web\/carlos-alberto-colmenares-ortiz-2\/\">Carlos Colmenares Ortiz<\/a><\/h3><\/div><\/div>\t\t\t\t<\/div>\n\t\t\t\t<\/div>\n\t\t\t\t\t<\/div>\n\t\t<\/div>\n\t\t\t\t\t<\/div>\n\t\t<\/section>\n\t\t\t\t\t<\/div>\n\t\t<\/div>\n\t\t\t\t\t<\/div>\n\t\t<\/section>\n\t\t\t\t<section class=\"elementor-section elementor-top-section elementor-element elementor-element-1af1faa elementor-section-content-middle elementor-section-boxed elementor-section-height-default elementor-section-height-default elementor-invisible\" data-id=\"1af1faa\" data-element_type=\"section\" data-settings=\"{&quot;background_background&quot;:&quot;classic&quot;,&quot;animation&quot;:&quot;fadeIn&quot;}\">\n\t\t\t\t\t\t\t<div class=\"elementor-background-overlay\"><\/div>\n\t\t\t\t\t\t\t<div class=\"elementor-container elementor-column-gap-default\">\n\t\t\t\t\t<div class=\"elementor-column elementor-col-100 elementor-top-column elementor-element elementor-element-61e8d89 elementor-invisible\" data-id=\"61e8d89\" data-element_type=\"column\" data-settings=\"{&quot;animation&quot;:&quot;fadeInLeft&quot;}\">\n\t\t\t<div class=\"elementor-widget-wrap elementor-element-populated\">\n\t\t\t\t\t\t<div class=\"elementor-element elementor-element-144597a elementor-widget elementor-widget-heading\" data-id=\"144597a\" data-element_type=\"widget\" data-widget_type=\"heading.default\">\n\t\t\t\t<div class=\"elementor-widget-container\">\n\t\t\t\t\t<h1 class=\"elementor-heading-title elementor-size-default\">Nuestra Historia.<\/h1>\t\t\t\t<\/div>\n\t\t\t\t<\/div>\n\t\t\t\t<div class=\"elementor-element elementor-element-6fab4b1 elementor-widget elementor-widget-text-editor\" data-id=\"6fab4b1\" data-element_type=\"widget\" data-widget_type=\"text-editor.default\">\n\t\t\t\t<div class=\"elementor-widget-container\">\n\t\t\t\t\t\t\t\t\t<p style=\"text-align: justify;\">El sue\u00f1o de nuestro fundador inicia en el a\u00f1o de 1995, fecha en la que se retira de la Rama Judicial luego de haber laborado m\u00e1s de 19 a\u00f1os como servidor p\u00fablico. A partir de este momento inicia el ejercicio de la profesi\u00f3n como abogado litigante y profesor universitario.<br \/>Durante los \u00faltimos 20 a\u00f1os la empresa ha prestado asesor\u00eda jur\u00eddica a empresarios con el fin de garantizar sus derechos y proteger su patrimonio.<\/p>\t\t\t\t\t\t\t\t<\/div>\n\t\t\t\t<\/div>\n\t\t\t\t\t<\/div>\n\t\t<\/div>\n\t\t\t\t\t<\/div>\n\t\t<\/section>\n\t\t\t\t<section class=\"elementor-section elementor-top-section elementor-element elementor-element-0aa3d3f elementor-section-boxed elementor-section-height-default elementor-section-height-default elementor-invisible\" data-id=\"0aa3d3f\" data-element_type=\"section\" data-settings=\"{&quot;animation&quot;:&quot;fadeInUp&quot;}\">\n\t\t\t\t\t\t<div class=\"elementor-container elementor-column-gap-default\">\n\t\t\t\t\t<div class=\"elementor-column elementor-col-100 elementor-top-column elementor-element elementor-element-db238f2\" data-id=\"db238f2\" data-element_type=\"column\">\n\t\t\t<div class=\"elementor-widget-wrap elementor-element-populated\">\n\t\t\t\t\t\t<section class=\"elementor-section elementor-inner-section elementor-element elementor-element-f2c5c51 elementor-section-boxed elementor-section-height-default elementor-section-height-default\" data-id=\"f2c5c51\" data-element_type=\"section\">\n\t\t\t\t\t\t<div class=\"elementor-container elementor-column-gap-default\">\n\t\t\t\t\t<div class=\"elementor-column elementor-col-100 elementor-inner-column elementor-element elementor-element-45b5a54\" data-id=\"45b5a54\" data-element_type=\"column\">\n\t\t\t<div class=\"elementor-widget-wrap elementor-element-populated\">\n\t\t\t\t\t\t<div class=\"elementor-element elementor-element-e7b9910 elementor-widget elementor-widget-heading\" data-id=\"e7b9910\" data-element_type=\"widget\" data-widget_type=\"heading.default\">\n\t\t\t\t<div class=\"elementor-widget-container\">\n\t\t\t\t\t<h1 class=\"elementor-heading-title elementor-size-default\">Visi\u00f3n<\/h1>\t\t\t\t<\/div>\n\t\t\t\t<\/div>\n\t\t\t\t<div class=\"elementor-element elementor-element-7b565f9 elementor-widget elementor-widget-text-editor\" data-id=\"7b565f9\" data-element_type=\"widget\" data-widget_type=\"text-editor.default\">\n\t\t\t\t<div class=\"elementor-widget-container\">\n\t\t\t\t\t\t\t\t\t<p style=\"text-align: justify;\">En 10 a\u00f1os nos visualizamos como una empresa l\u00edder y reconocida tanto a nivel local como nacional, brindando seguridad jur\u00eddica a nuestros clientes.<\/p>\t\t\t\t\t\t\t\t<\/div>\n\t\t\t\t<\/div>\n\t\t\t\t\t<\/div>\n\t\t<\/div>\n\t\t\t\t\t<\/div>\n\t\t<\/section>\n\t\t\t\t\t<\/div>\n\t\t<\/div>\n\t\t\t\t\t<\/div>\n\t\t<\/section>\n\t\t\t\t<section class=\"elementor-section elementor-top-section elementor-element elementor-element-86a2e59 elementor-section-boxed elementor-section-height-default elementor-section-height-default elementor-invisible\" data-id=\"86a2e59\" data-element_type=\"section\" data-settings=\"{&quot;animation&quot;:&quot;fadeInUp&quot;}\">\n\t\t\t\t\t\t<div class=\"elementor-container elementor-column-gap-default\">\n\t\t\t\t\t<div class=\"elementor-column elementor-col-100 elementor-top-column elementor-element elementor-element-cee65db\" data-id=\"cee65db\" data-element_type=\"column\">\n\t\t\t<div class=\"elementor-widget-wrap elementor-element-populated\">\n\t\t\t\t\t\t<section class=\"elementor-section elementor-inner-section elementor-element elementor-element-8ca4e78 elementor-section-boxed elementor-section-height-default elementor-section-height-default\" data-id=\"8ca4e78\" data-element_type=\"section\">\n\t\t\t\t\t\t<div class=\"elementor-container elementor-column-gap-default\">\n\t\t\t\t\t<div class=\"elementor-column elementor-col-100 elementor-inner-column elementor-element elementor-element-af2725d\" data-id=\"af2725d\" data-element_type=\"column\">\n\t\t\t<div class=\"elementor-widget-wrap elementor-element-populated\">\n\t\t\t\t\t\t<div class=\"elementor-element elementor-element-2b961c1 elementor-widget elementor-widget-heading\" data-id=\"2b961c1\" data-element_type=\"widget\" data-widget_type=\"heading.default\">\n\t\t\t\t<div class=\"elementor-widget-container\">\n\t\t\t\t\t<h1 class=\"elementor-heading-title elementor-size-default\">Misi\u00f3n<\/h1>\t\t\t\t<\/div>\n\t\t\t\t<\/div>\n\t\t\t\t<div class=\"elementor-element elementor-element-3f1a2f7 elementor-widget elementor-widget-text-editor\" data-id=\"3f1a2f7\" data-element_type=\"widget\" data-widget_type=\"text-editor.default\">\n\t\t\t\t<div class=\"elementor-widget-container\">\n\t\t\t\t\t\t\t\t\t<p style=\"text-align: justify;\">Brindar a nuestros clientes una asesor\u00eda integral para la seguridad de sus intereses de orden econ\u00f3mico, familiar y social satisfaciendo sus necesidades de tipo jur\u00eddico.<\/p>\t\t\t\t\t\t\t\t<\/div>\n\t\t\t\t<\/div>\n\t\t\t\t\t<\/div>\n\t\t<\/div>\n\t\t\t\t\t<\/div>\n\t\t<\/section>\n\t\t\t\t\t<\/div>\n\t\t<\/div>\n\t\t\t\t\t<\/div>\n\t\t<\/section>\n\t\t\t\t<\/div>\n\t\t","protected":false},"excerpt":{"rendered":"<p>Socios Cada uno de nuestros socios es un experto en su campo laboral. Carlos Colmenares Uribe Carlos Colmenares Ortiz Nuestra Historia. El sue\u00f1o de nuestro fundador inicia en el a\u00f1o de 1995, fecha en la que se retira de la Rama Judicial luego de haber laborado m\u00e1s de 19 a\u00f1os como servidor p\u00fablico. A partir &hellip;<\/p>\n<p class=\"read-more\"> <a class=\"\" href=\"https:\/\/colmenaresabogados.com\/web\/nuestros-socios\/\"> <span class=\"screen-reader-text\">socios-2<\/span> Leer m\u00e1s &raquo;<\/a><\/p>\n","protected":false},"author":1,"featured_media":0,"parent":0,"menu_order":0,"comment_status":"closed","ping_status":"closed","template":"","meta":{"_acf_changed":false,"site-sidebar-layout":"no-sidebar","site-content-layout":"page-builder","ast-global-header-display":"","ast-main-header-display":"","ast-hfb-above-header-display":"","ast-hfb-below-header-display":"","ast-hfb-mobile-header-display":"","site-post-title":"disabled","ast-breadcrumbs-content":"disabled","ast-featured-img":"disabled","footer-sml-layout":"","theme-transparent-header-meta":"enabled","adv-header-id-meta":"","stick-header-meta":"","header-above-stick-meta":"","header-main-stick-meta":"","header-below-stick-meta":"","footnotes":""},"class_list":["post-517","page","type-page","status-publish","hentry"],"acf":[],"_links":{"self":[{"href":"https:\/\/colmenaresabogados.com\/web\/wp-json\/wp\/v2\/pages\/517","targetHints":{"allow":["GET"]}}],"collection":[{"href":"https:\/\/colmenaresabogados.com\/web\/wp-json\/wp\/v2\/pages"}],"about":[{"href":"https:\/\/colmenaresabogados.com\/web\/wp-json\/wp\/v2\/types\/page"}],"author":[{"embeddable":true,"href":"https:\/\/colmenaresabogados.com\/web\/wp-json\/wp\/v2\/users\/1"}],"replies":[{"embeddable":true,"href":"https:\/\/colmenaresabogados.com\/web\/wp-json\/wp\/v2\/comments?post=517"}],"version-history":[{"count":137,"href":"https:\/\/colmenaresabogados.com\/web\/wp-json\/wp\/v2\/pages\/517\/revisions"}],"predecessor-version":[{"id":4633,"href":"https:\/\/colmenaresabogados.com\/web\/wp-json\/wp\/v2\/pages\/517\/revisions\/4633"}],"wp:attachment":[{"href":"https:\/\/colmenaresabogados.com\/web\/wp-json\/wp\/v2\/media?parent=517"}],"curies":[{"name":"wp","href":"https:\/\/api.w.org\/{rel}","templated":true}]}}